{"id":100,"date":"2016-02-02T22:07:47","date_gmt":"2016-02-02T21:07:47","guid":{"rendered":"http:\/\/avrsi.fr\/avrsi\/?page_id=100"},"modified":"2022-02-11T11:20:07","modified_gmt":"2022-02-11T10:20:07","slug":"a-propos","status":"publish","type":"page","link":"https:\/\/avrsi.fr\/avrsi\/a-propos\/","title":{"rendered":"A propos"},"content":{"rendered":"<div>\n<h1><strong>Ce blog est-il pour vous ?<\/strong><\/h1>\n<\/div>\n<p>Vous \u00eates ma\u00eetre d\u2019ouvrage ou exploitant, contr\u00f4leur technique, coordinateur SSI,\u00a0 pr\u00e9ventionniste dans un SDIS, \u00a0Bureau d\u2019\u00e9tude ou une entreprise.<\/p>\n<ul>\n<li>Vous avez besoin de gagner du temps dans vos activit\u00e9s<\/li>\n<li>Vous avez besoin d&rsquo;automatiser des taches r\u00e9p\u00e9titives inint\u00e9ressantes<\/li>\n<li>Vous avez besoin d&rsquo;outils informatiques qui n&rsquo;existent pas ou qui qui r\u00e9pondent mieux \u00e0 votre activit\u00e9.<\/li>\n<\/ul>\n<p>Alors ce <strong>blog est fait pour vous<\/strong> car son objectif est :<\/p>\n<ul>\n<li><strong><u>d&rsquo;une part d\u2019expliquer<\/u><\/strong>\u00a0des trucs et astuces, que <strong>j&rsquo;utilise moi-m\u00eame<\/strong> et qui me font<strong> gagner du temps<\/strong><\/li>\n<li>d&rsquo;autre part de\u00a0proposer des <strong>outils ou des services<\/strong> qui vous permettront d&rsquo;\u00eatre <strong>plus efficaces<\/strong> et que <strong>j&rsquo;utilise moi-m\u00eame<\/strong>\u00a0qui me font <strong>gagner du temps<\/strong><\/li>\n<\/ul>\n<h1><strong>Je fais aussi de la Coordination SSI<\/strong><\/h1>\n<div class=\"jetpack-video-wrapper\"><iframe loading=\"lazy\" title=\"Je fais aussi de la Coordination SSI\" width=\"750\" height=\"422\" src=\"https:\/\/www.youtube.com\/embed\/1oR7_sVffJg?feature=oembed\" frameborder=\"0\" allow=\"accelerometer; autoplay; clipboard-write; encrypted-media; gyroscope; picture-in-picture; web-share\" referrerpolicy=\"strict-origin-when-cross-origin\" allowfullscreen><\/iframe><\/div>\n<h3><span style=\"text-decoration: underline;\">Qui suis-je ?<\/span><\/h3>\n<p style=\"text-align: justify;\"><a href=\"https:\/\/i0.wp.com\/le-coordinateur-ssi.fr\/wp-content\/uploads\/2015\/08\/SLencadre.png\"><img data-recalc-dims=\"1\" loading=\"lazy\" decoding=\"async\" class=\"size-medium wp-image-178 alignleft\" src=\"https:\/\/i0.wp.com\/le-coordinateur-ssi.fr\/wp-content\/uploads\/2015\/08\/SLencadre-232x300.png?resize=232%2C300\" alt=\"SLencadre\" width=\"232\" height=\"300\" \/><\/a>Je suis\u00a0Sylv\u00e8re LOYAN, et je fais de la Coordination SSI depuis 1999. De plus j&rsquo;\u00e9tais\u00a0<strong>pr\u00e9sident de l&rsquo;ACSI<\/strong> (<a href=\"http:\/\/www.assocsi.org\" target=\"_blank\" rel=\"noopener noreferrer\">association de coordinateurs SSI<\/a>) pendant 8 ans, et membre du conseil d&rsquo;administration de la f\u00e9d\u00e9ration <strong>FFACSSI<\/strong>.<\/p>\n<p style=\"text-align: justify;\">Depuis des ann\u00e9es j&rsquo;utilise des trucs pour me simplifier la vie au quotidien, j&rsquo;ai d\u00e9cid\u00e9 de partager cela avec vous afin de vous simplifier la vie dans votre entreprise.<\/p>\n<p style=\"text-align: justify;\">Pour finir j&rsquo;administre le <a href=\"http:\/\/le-coordinateur-ssi.fr\/\">Blog du Coordinateur SSI<\/a>\u00a0qui a pour objet d&rsquo;expliquer ce qu&rsquo;il faut savoir et comprendre pour r\u00e9aliser des missions de coordination SSI.<\/p>\n<p><em><strong>Note sur l\u2019affiliation :<\/strong><\/em><\/p>\n<p style=\"text-align: justify;\"><em>Il arrive que j\u2019utilise des liens affili\u00e9s dans mes articles. Cela signifie que je touche une petite commission sur ce que vous achetez si vous passez par ces liens (AFNOR par exemple). Cela n\u2019augmente \u00e9videmment pas le prix que vous payez.<\/em><\/p>\n<p style=\"text-align: justify;\"><em>Ces commissions m\u2019aident \u00e0 entretenir ce blog et \u00e0 vous offrir tout ce contenu gratuitement, alors merci \u00e0 vous si vous cliquez sur ces liens !<\/em><\/p>\n<p style=\"text-align: justify;\"><em>Je ne vous recommanderai jamais un produit que je ne recommanderais pas \u00e0 ma famille ou \u00e0 mes amis. Je souhaite vous offrir un contenu de qualit\u00e9 et je ne trahirai pas votre confiance pour quelques euros.<\/em><\/p>\n<div>\n<h1>Mes Coordonn\u00e9es<\/h1>\n<p>AVRSI<br \/>\nLe Champ de la Grange<br \/>\n29 route des ventes<br \/>\n72150 SAINT VINCENT DU LOROUER<br \/>\nMob : 06 60 91 48 51<br \/>\nTel : 02 43 89 02 63<br \/>\nFax : 08 97 10 20 40<br \/>\ns.loyan@societe.com (remplacer\u00a0societe.com par avrsi.fr) (anti webrobot)<\/p>\n<p style=\"text-align: center;\">Flasher mes coordonn\u00e9es avec votre t\u00e9l\u00e9phone.<\/p>\n<p><img data-recalc-dims=\"1\" loading=\"lazy\" decoding=\"async\" class=\"alignnone size-medium wp-image-750 aligncenter\" src=\"https:\/\/i0.wp.com\/avrsi.fr\/avrsi\/wp-content\/uploads\/2016\/02\/image006-300x300.png?resize=300%2C300\" alt=\"\" width=\"300\" height=\"300\" srcset=\"https:\/\/i0.wp.com\/avrsi.fr\/avrsi\/wp-content\/uploads\/2016\/02\/image006.png?resize=300%2C300&amp;ssl=1 300w, https:\/\/i0.wp.com\/avrsi.fr\/avrsi\/wp-content\/uploads\/2016\/02\/image006.png?resize=150%2C150&amp;ssl=1 150w, https:\/\/i0.wp.com\/avrsi.fr\/avrsi\/wp-content\/uploads\/2016\/02\/image006.png?resize=120%2C120&amp;ssl=1 120w, https:\/\/i0.wp.com\/avrsi.fr\/avrsi\/wp-content\/uploads\/2016\/02\/image006.png?resize=50%2C50&amp;ssl=1 50w, https:\/\/i0.wp.com\/avrsi.fr\/avrsi\/wp-content\/uploads\/2016\/02\/image006.png?w=416&amp;ssl=1 416w\" sizes=\"auto, (max-width: 300px) 100vw, 300px\" \/><\/p>\n<\/div>\n<div><\/div>\n<div><\/div>\n<div><\/div>\n<div class=\"pvc_clear\"><\/div>\n<p id=\"pvc_stats_100\" class=\"pvc_stats all  \" data-element-id=\"100\" style=\"\"><i class=\"pvc-stats-icon medium\" aria-hidden=\"true\"><svg aria-hidden=\"true\" focusable=\"false\" data-prefix=\"far\" data-icon=\"chart-bar\" role=\"img\" xmlns=\"http:\/\/www.w3.org\/2000\/svg\" viewBox=\"0 0 512 512\" class=\"svg-inline--fa fa-chart-bar fa-w-16 fa-2x\"><path fill=\"currentColor\" d=\"M396.8 352h22.4c6.4 0 12.8-6.4 12.8-12.8V108.8c0-6.4-6.4-12.8-12.8-12.8h-22.4c-6.4 0-12.8 6.4-12.8 12.8v230.4c0 6.4 6.4 12.8 12.8 12.8zm-192 0h22.4c6.4 0 12.8-6.4 12.8-12.8V140.8c0-6.4-6.4-12.8-12.8-12.8h-22.4c-6.4 0-12.8 6.4-12.8 12.8v198.4c0 6.4 6.4 12.8 12.8 12.8zm96 0h22.4c6.4 0 12.8-6.4 12.8-12.8V204.8c0-6.4-6.4-12.8-12.8-12.8h-22.4c-6.4 0-12.8 6.4-12.8 12.8v134.4c0 6.4 6.4 12.8 12.8 12.8zM496 400H48V80c0-8.84-7.16-16-16-16H16C7.16 64 0 71.16 0 80v336c0 17.67 14.33 32 32 32h464c8.84 0 16-7.16 16-16v-16c0-8.84-7.16-16-16-16zm-387.2-48h22.4c6.4 0 12.8-6.4 12.8-12.8v-70.4c0-6.4-6.4-12.8-12.8-12.8h-22.4c-6.4 0-12.8 6.4-12.8 12.8v70.4c0 6.4 6.4 12.8 12.8 12.8z\" class=\"\"><\/path><\/svg><\/i> <img data-recalc-dims=\"1\" loading=\"lazy\" decoding=\"async\" width=\"16\" height=\"16\" alt=\"Loading\" src=\"https:\/\/i0.wp.com\/avrsi.fr\/avrsi\/wp-content\/plugins\/page-views-count\/ajax-loader-2x.gif?resize=16%2C16&#038;ssl=1\" border=0 \/><\/p>\n<div class=\"pvc_clear\"><\/div>\n","protected":false},"excerpt":{"rendered":"<p>Ce blog est-il pour vous ? Vous \u00eates ma\u00eetre d\u2019ouvrage ou exploitant, contr\u00f4leur technique, coordinateur SSI,\u00a0 pr\u00e9ventionniste dans un SDIS, \u00a0Bureau d\u2019\u00e9tude ou une entreprise. Vous avez besoin de gagner du temps dans vos activit\u00e9s Vous avez besoin d&rsquo;automatiser des<\/p>\n<div class=\"pvc_clear\"><\/div>\n<p id=\"pvc_stats_100\" class=\"pvc_stats all  \" data-element-id=\"100\" style=\"\"><i class=\"pvc-stats-icon medium\" aria-hidden=\"true\"><svg aria-hidden=\"true\" focusable=\"false\" data-prefix=\"far\" data-icon=\"chart-bar\" role=\"img\" xmlns=\"http:\/\/www.w3.org\/2000\/svg\" viewBox=\"0 0 512 512\" class=\"svg-inline--fa fa-chart-bar fa-w-16 fa-2x\"><path fill=\"currentColor\" d=\"M396.8 352h22.4c6.4 0 12.8-6.4 12.8-12.8V108.8c0-6.4-6.4-12.8-12.8-12.8h-22.4c-6.4 0-12.8 6.4-12.8 12.8v230.4c0 6.4 6.4 12.8 12.8 12.8zm-192 0h22.4c6.4 0 12.8-6.4 12.8-12.8V140.8c0-6.4-6.4-12.8-12.8-12.8h-22.4c-6.4 0-12.8 6.4-12.8 12.8v198.4c0 6.4 6.4 12.8 12.8 12.8zm96 0h22.4c6.4 0 12.8-6.4 12.8-12.8V204.8c0-6.4-6.4-12.8-12.8-12.8h-22.4c-6.4 0-12.8 6.4-12.8 12.8v134.4c0 6.4 6.4 12.8 12.8 12.8zM496 400H48V80c0-8.84-7.16-16-16-16H16C7.16 64 0 71.16 0 80v336c0 17.67 14.33 32 32 32h464c8.84 0 16-7.16 16-16v-16c0-8.84-7.16-16-16-16zm-387.2-48h22.4c6.4 0 12.8-6.4 12.8-12.8v-70.4c0-6.4-6.4-12.8-12.8-12.8h-22.4c-6.4 0-12.8 6.4-12.8 12.8v70.4c0 6.4 6.4 12.8 12.8 12.8z\" class=\"\"><\/path><\/svg><\/i> <img loading=\"lazy\" decoding=\"async\" width=\"16\" height=\"16\" alt=\"Loading\" src=\"https:\/\/avrsi.fr\/avrsi\/wp-content\/plugins\/page-views-count\/ajax-loader-2x.gif\" border=0 \/><\/p>\n<div class=\"pvc_clear\"><\/div>\n","protected":false},"author":1,"featured_media":0,"parent":0,"menu_order":0,"comment_status":"closed","ping_status":"closed","template":"","meta":{"_bbp_topic_count":0,"_bbp_reply_count":0,"_bbp_total_topic_count":0,"_bbp_total_reply_count":0,"_bbp_voice_count":0,"_bbp_anonymous_reply_count":0,"_bbp_topic_count_hidden":0,"_bbp_reply_count_hidden":0,"_bbp_forum_subforum_count":0,"_exactmetrics_skip_tracking":false,"_exactmetrics_sitenote_active":false,"_exactmetrics_sitenote_note":"","_exactmetrics_sitenote_category":0,"footnotes":""},"class_list":["post-100","page","type-page","status-publish","hentry"],"aioseo_notices":[],"a3_pvc":{"activated":true,"total_views":2541,"today_views":0},"jetpack_sharing_enabled":true,"jetpack_shortlink":"https:\/\/wp.me\/P7cIFZ-1C","jetpack-related-posts":[{"id":706,"url":"https:\/\/avrsi.fr\/avrsi\/zoning-ssi\/","url_meta":{"origin":100,"position":0},"title":"Zoning SSI","author":"sylvere","date":"19 juin 2017","format":false,"excerpt":"Bonjour Vous avez besoin de sous-traiter le Zoning SSI ponctuellement vous \u00eates d\u00e9bord\u00e9 ou de fa\u00e7on permanente car personne ne sait utiliser autocad dans votre structure ? Je peux r\u00e9pondre \u00e0 votre besoin !! PRINCIPE Vous fa\u00eetes le Zoning avec des stabilos, vous num\u00e9rotez des ZD et Les ZS. Vous\u2026","rel":"","context":"Article similaire","block_context":{"text":"Article similaire","link":""},"img":{"alt_text":"","src":"","width":0,"height":0},"classes":[]},{"id":906,"url":"https:\/\/avrsi.fr\/avrsi\/en-quoi-lami-peut-vous-aider\/","url_meta":{"origin":100,"position":1},"title":"En quoi LAMI du CSSI peut vous aider ?","author":"sylvere","date":"20 septembre 2017","format":false,"excerpt":"L'objectif vous l'aurez compris est de vous soulager dans l'exercice de la mission de Coordination SSI. Ce logiciel est TRES ambitieux. L'objectif est qu'il vous accompagne tout au long de la mission. En faisant pour vous toutes les op\u00e9rations les plus laborieuses les plus r\u00e9barbatives. Bien sur je ne suis\u2026","rel":"","context":"Article similaire","block_context":{"text":"Article similaire","link":""},"img":{"alt_text":"","src":"https:\/\/i0.wp.com\/avrsi.fr\/avrsi\/wp-content\/uploads\/2017\/09\/20295255_blog-281x300.jpg?resize=350%2C200","width":350,"height":200},"classes":[]},{"id":17,"url":"https:\/\/avrsi.fr\/avrsi\/se-simplifier-la-vie\/","url_meta":{"origin":100,"position":2},"title":"Gagner du temps","author":"sylvere","date":"25 janvier 2016","format":false,"excerpt":"Dans cette partie vous avez acc\u00e8s \u00e0 tous les outils que je mets \u00e0 votre disposition pour vous simplifier la vie... et donc gagner du temps","rel":"","context":"Article similaire","block_context":{"text":"Article similaire","link":""},"img":{"alt_text":"","src":"","width":0,"height":0},"classes":[]},{"id":113,"url":"https:\/\/avrsi.fr\/avrsi\/merci-davoir-commander-la-synthese-auto-du-rrt\/","url_meta":{"origin":100,"position":3},"title":"Merci d&rsquo;avoir command\u00e9 la Synth\u00e8se-auto du RRT","author":"sylvere","date":"2 f\u00e9vrier 2016","format":false,"excerpt":"Objectif L'objectif est que vous r\u00e9fl\u00e9chissiez \u00e0 vos synth\u00e8ses, vous n'\u00eates pas oblig\u00e9 de faire comme moi. Cette page va vous aider \u00e0 faire vos choix, afin que je personnalise les synth\u00e8ses de votre RRT. Les observations Pour ma part, lorsque j'effectue une r\u00e9ception technique, \u00a0je fais des observations :\u2026","rel":"","context":"Article similaire","block_context":{"text":"Article similaire","link":""},"img":{"alt_text":"","src":"","width":0,"height":0},"classes":[]},{"id":184,"url":"https:\/\/avrsi.fr\/avrsi\/mentions-legales-cgv\/","url_meta":{"origin":100,"position":4},"title":"Mentions L\u00e9gales &#8211; CGV","author":"sylvere","date":"5 f\u00e9vrier 2016","format":false,"excerpt":"Mentions L\u00e9gales AVRSI - Assistance Veille Reglementaire en S\u00e9curit\u00e9 Incendie www.avrsi.fr Directeur de la publication : Sylv\u00e8re LOYAN Adresse : AVRSI\u00a0 - \"Les hauts tronchais\" 72160 THORIGNE SUR DUE Tel : 02 43 82 69 57 E-Mail : mail@avrsi.fr SIRET : 810668657 00010 Num\u00e9ro d'identification TVA : FR61 810668657 EURL\u2026","rel":"","context":"Article similaire","block_context":{"text":"Article similaire","link":""},"img":{"alt_text":"","src":"","width":0,"height":0},"classes":[]},{"id":953,"url":"https:\/\/avrsi.fr\/avrsi\/lami-du-cssi-en-details\/","url_meta":{"origin":100,"position":5},"title":"LAMI du CSSI &#8211; En avant-premi\u00e8re","author":"sylvere","date":"20 octobre 2017","format":false,"excerpt":"Voici quelques captures d'\u00e9cran de la version en cours de d\u00e9veloppement par d\u00e9finition ... ca va \u00e9voluer Tableau de Bord Il \u00e9voluera par collaborateur avec l'avancement des op\u00e9rations et un acces direct vers les op\u00e9rations r\u00e9centes Administration Gestion des clients Gestion des Sites Un client peut avoir plusieurs sites Gestion\u2026","rel":"","context":"Article similaire","block_context":{"text":"Article similaire","link":""},"img":{"alt_text":"","src":"https:\/\/i0.wp.com\/avrsi.fr\/avrsi\/wp-content\/uploads\/2017\/10\/0-tableau-de-bord1-300x172.png?resize=350%2C200","width":350,"height":200},"classes":[]}],"_links":{"self":[{"href":"https:\/\/avrsi.fr\/avrsi\/wp-json\/wp\/v2\/pages\/100","targetHints":{"allow":["GET"]}}],"collection":[{"href":"https:\/\/avrsi.fr\/avrsi\/wp-json\/wp\/v2\/pages"}],"about":[{"href":"https:\/\/avrsi.fr\/avrsi\/wp-json\/wp\/v2\/types\/page"}],"author":[{"embeddable":true,"href":"https:\/\/avrsi.fr\/avrsi\/wp-json\/wp\/v2\/users\/1"}],"replies":[{"embeddable":true,"href":"https:\/\/avrsi.fr\/avrsi\/wp-json\/wp\/v2\/comments?post=100"}],"version-history":[{"count":10,"href":"https:\/\/avrsi.fr\/avrsi\/wp-json\/wp\/v2\/pages\/100\/revisions"}],"predecessor-version":[{"id":1365,"href":"https:\/\/avrsi.fr\/avrsi\/wp-json\/wp\/v2\/pages\/100\/revisions\/1365"}],"wp:attachment":[{"href":"https:\/\/avrsi.fr\/avrsi\/wp-json\/wp\/v2\/media?parent=100"}],"curies":[{"name":"wp","href":"https:\/\/api.w.org\/{rel}","templated":true}]}}