{"id":137,"date":"2016-02-03T23:16:20","date_gmt":"2016-02-03T22:16:20","guid":{"rendered":"http:\/\/avrsi.fr\/avrsi\/?page_id=137"},"modified":"2016-02-04T00:24:56","modified_gmt":"2016-02-03T23:24:56","slug":"assistance-a-distance-synthese-auto-rrt","status":"publish","type":"page","link":"https:\/\/avrsi.fr\/avrsi\/assistance-a-distance-synthese-auto-rrt\/","title":{"rendered":"Assistance \u00e0 distance &#8211; Synth\u00e8se auto RRT"},"content":{"rendered":"<p>Vous avez choisi l&rsquo;assistance \u00e0 distance.<\/p>\n<p>Comment va-t-on proc\u00e9d\u00e9 ?<\/p>\n<h1>1 &#8211; Installer Teamviewer<\/h1>\n<p><a href=\"http:\/\/download.teamviewer.com\/download\/TeamViewer_Setup_fr.exe\" target=\"_blank\"><img data-recalc-dims=\"1\" loading=\"lazy\" decoding=\"async\" class=\"size-full wp-image-136 alignleft\" src=\"https:\/\/i0.wp.com\/avrsi.fr\/avrsi\/wp-content\/uploads\/2016\/02\/team.png?resize=254%2C88\" alt=\"team\" width=\"254\" height=\"88\" srcset=\"https:\/\/i0.wp.com\/avrsi.fr\/avrsi\/wp-content\/uploads\/2016\/02\/team.png?w=254&amp;ssl=1 254w, https:\/\/i0.wp.com\/avrsi.fr\/avrsi\/wp-content\/uploads\/2016\/02\/team.png?resize=120%2C42&amp;ssl=1 120w\" sizes=\"auto, (max-width: 254px) 100vw, 254px\" \/><\/a><br \/>\nCliquez sur l&rsquo;image pour<br \/>\nt\u00e9l\u00e9charger TeamViewer<br \/>\nC&rsquo;est GRATUIT<\/p>\n<p>Suivez l&rsquo;installation de Teamviewer (c&rsquo;est tr\u00e8s classique rien de sorcier)<\/p>\n<h1>2 &#8211; Assistance \u00e0 distance<\/h1>\n<p><img data-recalc-dims=\"1\" loading=\"lazy\" decoding=\"async\" class=\"size-medium wp-image-138 alignright\" src=\"https:\/\/i0.wp.com\/avrsi.fr\/avrsi\/wp-content\/uploads\/2016\/02\/logteam-300x239.png?resize=300%2C239\" alt=\"logteam\" width=\"300\" height=\"239\" srcset=\"https:\/\/i0.wp.com\/avrsi.fr\/avrsi\/wp-content\/uploads\/2016\/02\/logteam.png?resize=300%2C239&amp;ssl=1 300w, https:\/\/i0.wp.com\/avrsi.fr\/avrsi\/wp-content\/uploads\/2016\/02\/logteam.png?resize=500%2C398&amp;ssl=1 500w, https:\/\/i0.wp.com\/avrsi.fr\/avrsi\/wp-content\/uploads\/2016\/02\/logteam.png?w=615&amp;ssl=1 615w\" sizes=\"auto, (max-width: 300px) 100vw, 300px\" \/><\/p>\n<p>Voici l&rsquo;interface de Teamviewer<\/p>\n<p style=\"text-align: justify;\">La Partie de gauche \u00ab\u00a0Autoriser le contr\u00f4le \u00e0 distance\u00a0\u00bb, c&rsquo;est vous.<\/p>\n<p style=\"text-align: justify;\">La partie de droite \u00ab\u00a0Contr\u00f4ler un ordinateur distant\u00a0\u00bb c&rsquo;est moi.<\/p>\n<p style=\"text-align: justify;\">On va convenir d&rsquo;un RdV t\u00e9l\u00e9phonique. Vous m&rsquo;envoyez \u00ab\u00a0votre ID\u00a0\u00bb par mail. j&rsquo;entrerai ce N\u00b0 dans la partie droite de mon Teamviewer. La connexion entre les 2 PC va commencer.\u00a0Vous me donnerez par t\u00e9l\u00e9phone votre \u00ab\u00a0mot de passe\u00a0\u00bb.<\/p>\n<p style=\"text-align: justify;\">Je verrai ensuite votre \u00e9cran comme si j&rsquo;\u00e9tais \u00e0 votre place, je pourrais installer la macro et v\u00e9rifier le fonctionnement du fichier en directe avec vous.<\/p>\n<p>&nbsp;<\/p>\n<div class=\"pvc_clear\"><\/div>\n<p id=\"pvc_stats_137\" class=\"pvc_stats all  \" data-element-id=\"137\" style=\"\"><i class=\"pvc-stats-icon medium\" aria-hidden=\"true\"><svg aria-hidden=\"true\" focusable=\"false\" data-prefix=\"far\" data-icon=\"chart-bar\" role=\"img\" xmlns=\"http:\/\/www.w3.org\/2000\/svg\" viewBox=\"0 0 512 512\" class=\"svg-inline--fa fa-chart-bar fa-w-16 fa-2x\"><path fill=\"currentColor\" d=\"M396.8 352h22.4c6.4 0 12.8-6.4 12.8-12.8V108.8c0-6.4-6.4-12.8-12.8-12.8h-22.4c-6.4 0-12.8 6.4-12.8 12.8v230.4c0 6.4 6.4 12.8 12.8 12.8zm-192 0h22.4c6.4 0 12.8-6.4 12.8-12.8V140.8c0-6.4-6.4-12.8-12.8-12.8h-22.4c-6.4 0-12.8 6.4-12.8 12.8v198.4c0 6.4 6.4 12.8 12.8 12.8zm96 0h22.4c6.4 0 12.8-6.4 12.8-12.8V204.8c0-6.4-6.4-12.8-12.8-12.8h-22.4c-6.4 0-12.8 6.4-12.8 12.8v134.4c0 6.4 6.4 12.8 12.8 12.8zM496 400H48V80c0-8.84-7.16-16-16-16H16C7.16 64 0 71.16 0 80v336c0 17.67 14.33 32 32 32h464c8.84 0 16-7.16 16-16v-16c0-8.84-7.16-16-16-16zm-387.2-48h22.4c6.4 0 12.8-6.4 12.8-12.8v-70.4c0-6.4-6.4-12.8-12.8-12.8h-22.4c-6.4 0-12.8 6.4-12.8 12.8v70.4c0 6.4 6.4 12.8 12.8 12.8z\" class=\"\"><\/path><\/svg><\/i> <img data-recalc-dims=\"1\" loading=\"lazy\" decoding=\"async\" width=\"16\" height=\"16\" alt=\"Loading\" src=\"https:\/\/i0.wp.com\/avrsi.fr\/avrsi\/wp-content\/plugins\/page-views-count\/ajax-loader-2x.gif?resize=16%2C16&#038;ssl=1\" border=0 \/><\/p>\n<div class=\"pvc_clear\"><\/div>\n","protected":false},"excerpt":{"rendered":"<p>Vous avez choisi l&rsquo;assistance \u00e0 distance. Comment va-t-on proc\u00e9d\u00e9 ? 1 &#8211; Installer Teamviewer Cliquez sur l&rsquo;image pour t\u00e9l\u00e9charger TeamViewer C&rsquo;est GRATUIT Suivez l&rsquo;installation de Teamviewer (c&rsquo;est tr\u00e8s classique rien de sorcier) 2 &#8211; Assistance \u00e0 distance Voici l&rsquo;interface de<\/p>\n<div class=\"pvc_clear\"><\/div>\n<p id=\"pvc_stats_137\" class=\"pvc_stats all  \" data-element-id=\"137\" style=\"\"><i class=\"pvc-stats-icon medium\" aria-hidden=\"true\"><svg aria-hidden=\"true\" focusable=\"false\" data-prefix=\"far\" data-icon=\"chart-bar\" role=\"img\" xmlns=\"http:\/\/www.w3.org\/2000\/svg\" viewBox=\"0 0 512 512\" class=\"svg-inline--fa fa-chart-bar fa-w-16 fa-2x\"><path fill=\"currentColor\" d=\"M396.8 352h22.4c6.4 0 12.8-6.4 12.8-12.8V108.8c0-6.4-6.4-12.8-12.8-12.8h-22.4c-6.4 0-12.8 6.4-12.8 12.8v230.4c0 6.4 6.4 12.8 12.8 12.8zm-192 0h22.4c6.4 0 12.8-6.4 12.8-12.8V140.8c0-6.4-6.4-12.8-12.8-12.8h-22.4c-6.4 0-12.8 6.4-12.8 12.8v198.4c0 6.4 6.4 12.8 12.8 12.8zm96 0h22.4c6.4 0 12.8-6.4 12.8-12.8V204.8c0-6.4-6.4-12.8-12.8-12.8h-22.4c-6.4 0-12.8 6.4-12.8 12.8v134.4c0 6.4 6.4 12.8 12.8 12.8zM496 400H48V80c0-8.84-7.16-16-16-16H16C7.16 64 0 71.16 0 80v336c0 17.67 14.33 32 32 32h464c8.84 0 16-7.16 16-16v-16c0-8.84-7.16-16-16-16zm-387.2-48h22.4c6.4 0 12.8-6.4 12.8-12.8v-70.4c0-6.4-6.4-12.8-12.8-12.8h-22.4c-6.4 0-12.8 6.4-12.8 12.8v70.4c0 6.4 6.4 12.8 12.8 12.8z\" class=\"\"><\/path><\/svg><\/i> <img loading=\"lazy\" decoding=\"async\" width=\"16\" height=\"16\" alt=\"Loading\" src=\"https:\/\/avrsi.fr\/avrsi\/wp-content\/plugins\/page-views-count\/ajax-loader-2x.gif\" border=0 \/><\/p>\n<div class=\"pvc_clear\"><\/div>\n","protected":false},"author":1,"featured_media":0,"parent":0,"menu_order":0,"comment_status":"closed","ping_status":"closed","template":"","meta":{"_bbp_topic_count":0,"_bbp_reply_count":0,"_bbp_total_topic_count":0,"_bbp_total_reply_count":0,"_bbp_voice_count":0,"_bbp_anonymous_reply_count":0,"_bbp_topic_count_hidden":0,"_bbp_reply_count_hidden":0,"_bbp_forum_subforum_count":0,"_exactmetrics_skip_tracking":false,"_exactmetrics_sitenote_active":false,"_exactmetrics_sitenote_note":"","_exactmetrics_sitenote_category":0,"footnotes":""},"class_list":["post-137","page","type-page","status-publish","hentry"],"aioseo_notices":[],"jetpack_sharing_enabled":true,"jetpack_shortlink":"https:\/\/wp.me\/P7cIFZ-2d","jetpack-related-posts":[{"id":113,"url":"https:\/\/avrsi.fr\/avrsi\/merci-davoir-commander-la-synthese-auto-du-rrt\/","url_meta":{"origin":137,"position":0},"title":"Merci d&rsquo;avoir command\u00e9 la Synth\u00e8se-auto du RRT","author":"sylvere","date":"2 f\u00e9vrier 2016","format":false,"excerpt":"Objectif L'objectif est que vous r\u00e9fl\u00e9chissiez \u00e0 vos synth\u00e8ses, vous n'\u00eates pas oblig\u00e9 de faire comme moi. Cette page va vous aider \u00e0 faire vos choix, afin que je personnalise les synth\u00e8ses de votre RRT. Les observations Pour ma part, lorsque j'effectue une r\u00e9ception technique, \u00a0je fais des observations :\u2026","rel":"","context":"Article similaire","block_context":{"text":"Article similaire","link":""},"img":{"alt_text":"","src":"","width":0,"height":0},"classes":[]},{"id":913,"url":"https:\/\/avrsi.fr\/avrsi\/lami-du-cssi-les-mises-a-jour-le-tarif\/","url_meta":{"origin":137,"position":1},"title":"LAMI du CSSI : Les mises \u00e0 jour &#8211; le tarif","author":"sylvere","date":"20 septembre 2017","format":false,"excerpt":"Les mises \u00e0 jour Comme je le soulignai pr\u00e9c\u00e9demment, Rome ne\u00a0s'est pas fait en 1 jour, les fonctionnalit\u00e9s\u00a0que je vous ai pr\u00e9sent\u00e9es sont celles qui me semblent \u00eatre \u00e0 r\u00e9aliser au plus t\u00f4t. C'est ce qui sera disponible au public \u00e0 partir du 25 d\u00e9cembre 2017 date de la sortie\u2026","rel":"","context":"Article similaire","block_context":{"text":"Article similaire","link":""},"img":{"alt_text":"20295255_blog","src":"https:\/\/i0.wp.com\/avrsi.fr\/avrsi\/wp-content\/uploads\/2017\/09\/20295255_blog-281x300.jpg?resize=350%2C200","width":350,"height":200},"classes":[]},{"id":17,"url":"https:\/\/avrsi.fr\/avrsi\/se-simplifier-la-vie\/","url_meta":{"origin":137,"position":2},"title":"Gagner du temps","author":"sylvere","date":"25 janvier 2016","format":false,"excerpt":"Dans cette partie vous avez acc\u00e8s \u00e0 tous les outils que je mets \u00e0 votre disposition pour vous simplifier la vie... et donc gagner du temps","rel":"","context":"Article similaire","block_context":{"text":"Article similaire","link":""},"img":{"alt_text":"","src":"","width":0,"height":0},"classes":[]},{"id":706,"url":"https:\/\/avrsi.fr\/avrsi\/zoning-ssi\/","url_meta":{"origin":137,"position":3},"title":"Zoning SSI","author":"sylvere","date":"19 juin 2017","format":false,"excerpt":"Bonjour Vous avez besoin de sous-traiter le Zoning SSI ponctuellement vous \u00eates d\u00e9bord\u00e9 ou de fa\u00e7on permanente car personne ne sait utiliser autocad dans votre structure ? Je peux r\u00e9pondre \u00e0 votre besoin !! PRINCIPE Vous fa\u00eetes le Zoning avec des stabilos, vous num\u00e9rotez des ZD et Les ZS. Vous\u2026","rel":"","context":"Article similaire","block_context":{"text":"Article similaire","link":""},"img":{"alt_text":"","src":"","width":0,"height":0},"classes":[]},{"id":187,"url":"https:\/\/avrsi.fr\/avrsi\/merci-de-vous-etre-abonnes-a-la-reglementation-en-pdf\/","url_meta":{"origin":137,"position":4},"title":"Merci de vous \u00eatre abonn\u00e9 \u00e0 la r\u00e9glementation en PDF","author":"sylvere","date":"5 f\u00e9vrier 2016","format":false,"excerpt":"Vous allez bient\u00f4t recevoir votre lien de t\u00e9l\u00e9chargement personnalis\u00e9 Vous serez contact\u00e9 par mail pour \u00eatre inform\u00e9 de mises \u00e0 jours des PDF ainsi que\u00a0la synth\u00e8se mensuelle de la veille r\u00e9glementaire Pour finaliser vos PDF et recevoir le lien, merci de remplir ce petit formulaire Chargement en cours... Si vous\u2026","rel":"","context":"Article similaire","block_context":{"text":"Article similaire","link":""},"img":{"alt_text":"","src":"","width":0,"height":0},"classes":[]},{"id":174,"url":"https:\/\/avrsi.fr\/avrsi\/version-en-cours\/","url_meta":{"origin":137,"position":5},"title":"Version en cours","author":"sylvere","date":"5 f\u00e9vrier 2016","format":false,"excerpt":"\u00a0 Version R\u00e9glementaire Version du PDF ERP-1er-groupe.pdf 28 f\u00e9vrier 2025 3 mars 2025 ERP-2eme-groupe.pdf 17 mai 2024 27 mai 2024 ERP-speciaux.pdf 27 mars 2025 31 mars 2025 CCH.pdf 21 novembre 2025 26 novembre 2025 IGH.pdf 17 mai 2024 27 mai 2024 Code-du-travail.pdf 1 juillet 2021 3 ao\u00fbt 2021 Habitation.pdf 13\u2026","rel":"","context":"Article similaire","block_context":{"text":"Article similaire","link":""},"img":{"alt_text":"","src":"","width":0,"height":0},"classes":[]}],"_links":{"self":[{"href":"https:\/\/avrsi.fr\/avrsi\/wp-json\/wp\/v2\/pages\/137","targetHints":{"allow":["GET"]}}],"collection":[{"href":"https:\/\/avrsi.fr\/avrsi\/wp-json\/wp\/v2\/pages"}],"about":[{"href":"https:\/\/avrsi.fr\/avrsi\/wp-json\/wp\/v2\/types\/page"}],"author":[{"embeddable":true,"href":"https:\/\/avrsi.fr\/avrsi\/wp-json\/wp\/v2\/users\/1"}],"replies":[{"embeddable":true,"href":"https:\/\/avrsi.fr\/avrsi\/wp-json\/wp\/v2\/comments?post=137"}],"version-history":[{"count":3,"href":"https:\/\/avrsi.fr\/avrsi\/wp-json\/wp\/v2\/pages\/137\/revisions"}],"predecessor-version":[{"id":145,"href":"https:\/\/avrsi.fr\/avrsi\/wp-json\/wp\/v2\/pages\/137\/revisions\/145"}],"wp:attachment":[{"href":"https:\/\/avrsi.fr\/avrsi\/wp-json\/wp\/v2\/media?parent=137"}],"curies":[{"name":"wp","href":"https:\/\/api.w.org\/{rel}","templated":true}]}}