{"id":44,"date":"2016-01-25T18:53:10","date_gmt":"2016-01-25T17:53:10","guid":{"rendered":"http:\/\/avrsi.fr\/avrsi\/?post_type=product&#038;p=44"},"modified":"2023-11-30T22:50:35","modified_gmt":"2023-11-30T21:50:35","slug":"dinliste","status":"publish","type":"product","link":"https:\/\/avrsi.fr\/avrsi\/produit\/dinliste\/","title":{"rendered":"DINLISTE"},"content":{"rendered":"<h3>DINLISTE<\/h3>\n<p>DINLISTE est un logiciel \u00e0 destination des Coordinateurs SSI qui comme moi veulent gagner du temps.<\/p>\n<h4><span style=\"text-decoration: underline;\">Objectif<\/span><\/h4>\n<p style=\"text-align: justify;\">Dans le cadre de la mission de CSSI, le dossier d&rsquo;identit\u00e9 est chronophage, notamment la liste exhaustive de tous les documents qui doit \u00eatre en ent\u00eate du dossier.<\/p>\n<h4><span style=\"text-decoration: underline;\">Fonctionnement<\/span><\/h4>\n<p style=\"text-align: justify;\">Ce logiciel r\u00e9pond \u00e0 ce besoin. En 1 clic, le sommaire est r\u00e9alis\u00e9 en pdf, en XLS ou en DOCX bas\u00e9 sur les noms de fichiers de l&rsquo;arborescence de votre dossier num\u00e9rique. Il est donc adapt\u00e9 \u00e0 tous les coordinateurs quelque soit le sommaire de la version num\u00e9rique du dossier d&rsquo;identit\u00e9. Ceci implique de renommer intelligemment chaque PDF re\u00e7u en amont lors de la validation du document.<\/p>\n<p>La d\u00e9mo en vid\u00e9o<\/p>\n<div class=\"jetpack-video-wrapper\"><iframe loading=\"lazy\" title=\"Dinliste - demo\" width=\"750\" height=\"422\" src=\"https:\/\/www.youtube.com\/embed\/nbz1e1gucMU?feature=oembed\" frameborder=\"0\" allow=\"accelerometer; autoplay; clipboard-write; encrypted-media; gyroscope; picture-in-picture; web-share\" referrerpolicy=\"strict-origin-when-cross-origin\" allowfullscreen><\/iframe><\/div>\n<p>&nbsp;<\/p>\n<h3>T\u00e9l\u00e9charger la version COMPLETE<\/h3>\n<p><a href=\"https:\/\/avrsi.fr\/logiciels\/DIN Liste.EXE\">Essayez la GRATUITEMENT pendant 30 jours version 64bits n\u00b02.0.6.0<\/a><\/p>\n<div class=\"AW-Form-1095529912\">\n<h3>Indiquez votre clef initiale dans la \u00ab\u00a0note de commande\u00a0\u00bb lors du paiement pour que je vous active le logiciel<\/h3>\n<h3>Informations compl\u00e9mentaires<\/h3>\n<div class=\"woocommerce-additional-fields__field-wrapper\">\n<p id=\"order_comments_field\" class=\"form-row notes\" data-priority=\"\"><label class=\"\" for=\"order_comments\">Notes de commande\u00a0<span class=\"optional\">(facultatif)<\/span><\/label><\/p>\n<\/div>\n<\/div>\n<p><script type=\"text\/javascript\">\/\/ <![CDATA[ (function(d, s, id) { var js, fjs = d.getElementsByTagName(s)[0]; if (d.getElementById(id)) return; js = d.createElement(s); js.id = id; js.src = \"\/\/forms.aweber.com\/form\/12\/1095529912.js\"; fjs.parentNode.insertBefore(js, fjs); }(document, \"script\", \"aweber-wjs-l2j5zksl9\")); \/\/ ]]><\/script><\/p>\n<p>&nbsp;<\/p>\n<div class=\"pvc_clear\"><\/div>\n<p id=\"pvc_stats_44\" class=\"pvc_stats all  \" data-element-id=\"44\" style=\"\"><i class=\"pvc-stats-icon medium\" aria-hidden=\"true\"><svg aria-hidden=\"true\" focusable=\"false\" data-prefix=\"far\" data-icon=\"chart-bar\" role=\"img\" xmlns=\"http:\/\/www.w3.org\/2000\/svg\" viewBox=\"0 0 512 512\" class=\"svg-inline--fa fa-chart-bar fa-w-16 fa-2x\"><path fill=\"currentColor\" d=\"M396.8 352h22.4c6.4 0 12.8-6.4 12.8-12.8V108.8c0-6.4-6.4-12.8-12.8-12.8h-22.4c-6.4 0-12.8 6.4-12.8 12.8v230.4c0 6.4 6.4 12.8 12.8 12.8zm-192 0h22.4c6.4 0 12.8-6.4 12.8-12.8V140.8c0-6.4-6.4-12.8-12.8-12.8h-22.4c-6.4 0-12.8 6.4-12.8 12.8v198.4c0 6.4 6.4 12.8 12.8 12.8zm96 0h22.4c6.4 0 12.8-6.4 12.8-12.8V204.8c0-6.4-6.4-12.8-12.8-12.8h-22.4c-6.4 0-12.8 6.4-12.8 12.8v134.4c0 6.4 6.4 12.8 12.8 12.8zM496 400H48V80c0-8.84-7.16-16-16-16H16C7.16 64 0 71.16 0 80v336c0 17.67 14.33 32 32 32h464c8.84 0 16-7.16 16-16v-16c0-8.84-7.16-16-16-16zm-387.2-48h22.4c6.4 0 12.8-6.4 12.8-12.8v-70.4c0-6.4-6.4-12.8-12.8-12.8h-22.4c-6.4 0-12.8 6.4-12.8 12.8v70.4c0 6.4 6.4 12.8 12.8 12.8z\" class=\"\"><\/path><\/svg><\/i> <img data-recalc-dims=\"1\" loading=\"lazy\" decoding=\"async\" width=\"16\" height=\"16\" alt=\"Loading\" src=\"https:\/\/i0.wp.com\/avrsi.fr\/avrsi\/wp-content\/plugins\/page-views-count\/ajax-loader-2x.gif?resize=16%2C16&#038;ssl=1\" border=0 \/><\/p>\n<div class=\"pvc_clear\"><\/div>\n","protected":false},"excerpt":{"rendered":"<p>DINLISTE &#8211; Cr\u00e9ation en 1 clic du sommaire du dossier d&rsquo;identit\u00e9<\/p>\n<div class=\"pvc_clear\"><\/div>\n<p id=\"pvc_stats_44\" class=\"pvc_stats all  \" data-element-id=\"44\" style=\"\"><i class=\"pvc-stats-icon medium\" aria-hidden=\"true\"><svg aria-hidden=\"true\" focusable=\"false\" data-prefix=\"far\" data-icon=\"chart-bar\" role=\"img\" xmlns=\"http:\/\/www.w3.org\/2000\/svg\" viewBox=\"0 0 512 512\" class=\"svg-inline--fa fa-chart-bar fa-w-16 fa-2x\"><path fill=\"currentColor\" d=\"M396.8 352h22.4c6.4 0 12.8-6.4 12.8-12.8V108.8c0-6.4-6.4-12.8-12.8-12.8h-22.4c-6.4 0-12.8 6.4-12.8 12.8v230.4c0 6.4 6.4 12.8 12.8 12.8zm-192 0h22.4c6.4 0 12.8-6.4 12.8-12.8V140.8c0-6.4-6.4-12.8-12.8-12.8h-22.4c-6.4 0-12.8 6.4-12.8 12.8v198.4c0 6.4 6.4 12.8 12.8 12.8zm96 0h22.4c6.4 0 12.8-6.4 12.8-12.8V204.8c0-6.4-6.4-12.8-12.8-12.8h-22.4c-6.4 0-12.8 6.4-12.8 12.8v134.4c0 6.4 6.4 12.8 12.8 12.8zM496 400H48V80c0-8.84-7.16-16-16-16H16C7.16 64 0 71.16 0 80v336c0 17.67 14.33 32 32 32h464c8.84 0 16-7.16 16-16v-16c0-8.84-7.16-16-16-16zm-387.2-48h22.4c6.4 0 12.8-6.4 12.8-12.8v-70.4c0-6.4-6.4-12.8-12.8-12.8h-22.4c-6.4 0-12.8 6.4-12.8 12.8v70.4c0 6.4 6.4 12.8 12.8 12.8z\" class=\"\"><\/path><\/svg><\/i> <img loading=\"lazy\" decoding=\"async\" width=\"16\" height=\"16\" alt=\"Loading\" src=\"https:\/\/avrsi.fr\/avrsi\/wp-content\/plugins\/page-views-count\/ajax-loader-2x.gif\" border=0 \/><\/p>\n<div class=\"pvc_clear\"><\/div>\n","protected":false},"featured_media":217,"comment_status":"open","ping_status":"closed","template":"","meta":{"_bbp_topic_count":0,"_bbp_reply_count":0,"_bbp_total_topic_count":0,"_bbp_total_reply_count":0,"_bbp_voice_count":0,"_bbp_anonymous_reply_count":0,"_bbp_topic_count_hidden":0,"_bbp_reply_count_hidden":0,"_bbp_forum_subforum_count":0,"_exactmetrics_skip_tracking":false,"_exactmetrics_sitenote_active":false,"_exactmetrics_sitenote_note":"","_exactmetrics_sitenote_category":0,"jetpack_publicize_message":"","jetpack_publicize_feature_enabled":true,"jetpack_social_post_already_shared":true,"jetpack_social_options":{"image_generator_settings":{"template":"highway","default_image_id":0,"font":"","enabled":false},"version":2}},"product_brand":[],"product_cat":[7],"product_tag":[],"class_list":{"0":"post-44","1":"product","2":"type-product","3":"status-publish","4":"has-post-thumbnail","6":"product_cat-logiciel-pour-les-cssi","8":"first","9":"instock","10":"virtual","11":"taxable","12":"purchasable","13":"product-type-simple"},"aioseo_notices":[],"a3_pvc":{"activated":true,"total_views":4803,"today_views":0},"jetpack_publicize_connections":[],"jetpack_sharing_enabled":true,"jetpack-related-posts":[{"id":1371,"url":"https:\/\/avrsi.fr\/avrsi\/produit\/raccourcis\/","url_meta":{"origin":44,"position":0},"title":"Raccourcis","author":"sylvere","date":"15 mai 2023","format":false,"excerpt":"Ce logiciel permet de creer des raccourcis \u00e0 : des fichiers des r\u00e9pertoires des liens internets dans un logiciel l\u00e9ger o\u00f9 tout est centralis\u00e9. C'est tr\u00e8s pratique d'utilisation je l'utilise tous les jour depuis 2016","rel":"","context":"Article similaire","block_context":{"text":"Article similaire","link":""},"img":{"alt_text":"","src":"https:\/\/i0.wp.com\/avrsi.fr\/avrsi\/wp-content\/uploads\/2023\/05\/RacPageprincipale.jpg?resize=350%2C200&ssl=1","width":350,"height":200,"srcset":"https:\/\/i0.wp.com\/avrsi.fr\/avrsi\/wp-content\/uploads\/2023\/05\/RacPageprincipale.jpg?resize=350%2C200&ssl=1 1x, https:\/\/i0.wp.com\/avrsi.fr\/avrsi\/wp-content\/uploads\/2023\/05\/RacPageprincipale.jpg?resize=525%2C300&ssl=1 1.5x, https:\/\/i0.wp.com\/avrsi.fr\/avrsi\/wp-content\/uploads\/2023\/05\/RacPageprincipale.jpg?resize=700%2C400&ssl=1 2x"},"classes":[]},{"id":52,"url":"https:\/\/avrsi.fr\/avrsi\/produit\/assistance-a-la-certification\/","url_meta":{"origin":44,"position":1},"title":"Assistance \u00e0 la certification","author":"sylvere","date":"22 f\u00e9vrier 2017","format":false,"excerpt":"Comment organiser votre soci\u00e9t\u00e9 pour satisfaire \u00e0 la certification I93 \u00a0 MODULE 1 : D\u00c9ROULEMENT Chapitre 1 : Comment suivre la formation Chapitre 2 : truc et astuce pour gagner du temps Chapitre 3 : Comment se d\u00e9roule le processus de certification MODULE 2 : LE \u00a0DOSSIER \u00a0DE \u00a0DEMANDE Chapitre\u2026","rel":"","context":"Article similaire","block_context":{"text":"Article similaire","link":""},"img":{"alt_text":"I93-2","src":"https:\/\/i0.wp.com\/avrsi.fr\/avrsi\/wp-content\/uploads\/2017\/02\/I93-2.png?fit=1200%2C542&ssl=1&resize=350%2C200","width":350,"height":200,"srcset":"https:\/\/i0.wp.com\/avrsi.fr\/avrsi\/wp-content\/uploads\/2017\/02\/I93-2.png?fit=1200%2C542&ssl=1&resize=350%2C200 1x, https:\/\/i0.wp.com\/avrsi.fr\/avrsi\/wp-content\/uploads\/2017\/02\/I93-2.png?fit=1200%2C542&ssl=1&resize=525%2C300 1.5x, https:\/\/i0.wp.com\/avrsi.fr\/avrsi\/wp-content\/uploads\/2017\/02\/I93-2.png?fit=1200%2C542&ssl=1&resize=700%2C400 2x, https:\/\/i0.wp.com\/avrsi.fr\/avrsi\/wp-content\/uploads\/2017\/02\/I93-2.png?fit=1200%2C542&ssl=1&resize=1050%2C600 3x"},"classes":[]},{"id":156,"url":"https:\/\/avrsi.fr\/avrsi\/produit\/reglementations-pdf\/","url_meta":{"origin":44,"position":2},"title":"R\u00e9glementations PDF","author":"sylvere","date":"4 f\u00e9vrier 2016","format":false,"excerpt":"Toute la r\u00e9glementation incendie en PDF avec la veille r\u00e9glementaire associ\u00e9e","rel":"","context":"Article similaire","block_context":{"text":"Article similaire","link":""},"img":{"alt_text":"10816406_l","src":"https:\/\/i0.wp.com\/avrsi.fr\/avrsi\/wp-content\/uploads\/2016\/02\/10816406_l-1.jpg?fit=467%2C400&ssl=1&resize=350%2C200","width":350,"height":200},"classes":[]},{"id":77,"url":"https:\/\/avrsi.fr\/avrsi\/produit\/rrt-ssi-synthese-auto\/","url_meta":{"origin":44,"position":3},"title":"RRT SSI &#8211; Synth\u00e8se Automatique","author":"sylvere","date":"26 janvier 2016","format":false,"excerpt":"Assistance \u00e0 la cr\u00e9ation de tables de synth\u00e8ses automatiques dans votre Rapport de R\u00e9ception Technique.","rel":"","context":"Article similaire","block_context":{"text":"Article similaire","link":""},"img":{"alt_text":"syntheseautoimage","src":"https:\/\/i0.wp.com\/avrsi.fr\/avrsi\/wp-content\/uploads\/2016\/02\/syntheseautoimage.png?fit=1200%2C542&ssl=1&resize=350%2C200","width":350,"height":200,"srcset":"https:\/\/i0.wp.com\/avrsi.fr\/avrsi\/wp-content\/uploads\/2016\/02\/syntheseautoimage.png?fit=1200%2C542&ssl=1&resize=350%2C200 1x, https:\/\/i0.wp.com\/avrsi.fr\/avrsi\/wp-content\/uploads\/2016\/02\/syntheseautoimage.png?fit=1200%2C542&ssl=1&resize=525%2C300 1.5x, https:\/\/i0.wp.com\/avrsi.fr\/avrsi\/wp-content\/uploads\/2016\/02\/syntheseautoimage.png?fit=1200%2C542&ssl=1&resize=700%2C400 2x, https:\/\/i0.wp.com\/avrsi.fr\/avrsi\/wp-content\/uploads\/2016\/02\/syntheseautoimage.png?fit=1200%2C542&ssl=1&resize=1050%2C600 3x"},"classes":[]},{"id":165,"url":"https:\/\/avrsi.fr\/avrsi\/produit\/rapport-synthese-automatique\/","url_meta":{"origin":44,"position":4},"title":"Rapport &#8211; Synth\u00e8se Automatique","author":"sylvere","date":"5 f\u00e9vrier 2016","format":false,"excerpt":"Assistance \u00e0 la cr\u00e9ation de tables de synth\u00e8ses automatiques dans votre rapport","rel":"","context":"Article similaire","block_context":{"text":"Article similaire","link":""},"img":{"alt_text":"rapportsyntauto","src":"https:\/\/i0.wp.com\/avrsi.fr\/avrsi\/wp-content\/uploads\/2016\/02\/rapportsyntauto-1.png?fit=1200%2C542&ssl=1&resize=350%2C200","width":350,"height":200,"srcset":"https:\/\/i0.wp.com\/avrsi.fr\/avrsi\/wp-content\/uploads\/2016\/02\/rapportsyntauto-1.png?fit=1200%2C542&ssl=1&resize=350%2C200 1x, https:\/\/i0.wp.com\/avrsi.fr\/avrsi\/wp-content\/uploads\/2016\/02\/rapportsyntauto-1.png?fit=1200%2C542&ssl=1&resize=525%2C300 1.5x, https:\/\/i0.wp.com\/avrsi.fr\/avrsi\/wp-content\/uploads\/2016\/02\/rapportsyntauto-1.png?fit=1200%2C542&ssl=1&resize=700%2C400 2x, https:\/\/i0.wp.com\/avrsi.fr\/avrsi\/wp-content\/uploads\/2016\/02\/rapportsyntauto-1.png?fit=1200%2C542&ssl=1&resize=1050%2C600 3x"},"classes":[]},{"id":135,"url":"https:\/\/avrsi.fr\/avrsi\/produit\/installation-a-distance-synthese-auto\/","url_meta":{"origin":44,"position":5},"title":"Installation \u00e0 distance &#8211; Synth\u00e8se auto","author":"sylvere","date":"3 f\u00e9vrier 2016","format":false,"excerpt":"Pour les CSSI press\u00e9s ou ceux qui se sentent d\u00e9bord\u00e9s par l'informatique - Installation \u00e0 distance de la macro pour les synth\u00e8ses automatiques.","rel":"","context":"Article similaire","block_context":{"text":"Article similaire","link":""},"img":{"alt_text":"assistance \u00e0 distance","src":"https:\/\/i0.wp.com\/avrsi.fr\/avrsi\/wp-content\/uploads\/2016\/02\/assistance-%C3%A0-distance.png?fit=1200%2C542&ssl=1&resize=350%2C200","width":350,"height":200,"srcset":"https:\/\/i0.wp.com\/avrsi.fr\/avrsi\/wp-content\/uploads\/2016\/02\/assistance-%C3%A0-distance.png?fit=1200%2C542&ssl=1&resize=350%2C200 1x, https:\/\/i0.wp.com\/avrsi.fr\/avrsi\/wp-content\/uploads\/2016\/02\/assistance-%C3%A0-distance.png?fit=1200%2C542&ssl=1&resize=525%2C300 1.5x, https:\/\/i0.wp.com\/avrsi.fr\/avrsi\/wp-content\/uploads\/2016\/02\/assistance-%C3%A0-distance.png?fit=1200%2C542&ssl=1&resize=700%2C400 2x, https:\/\/i0.wp.com\/avrsi.fr\/avrsi\/wp-content\/uploads\/2016\/02\/assistance-%C3%A0-distance.png?fit=1200%2C542&ssl=1&resize=1050%2C600 3x"},"classes":[]}],"_links":{"self":[{"href":"https:\/\/avrsi.fr\/avrsi\/wp-json\/wp\/v2\/product\/44","targetHints":{"allow":["GET"]}}],"collection":[{"href":"https:\/\/avrsi.fr\/avrsi\/wp-json\/wp\/v2\/product"}],"about":[{"href":"https:\/\/avrsi.fr\/avrsi\/wp-json\/wp\/v2\/types\/product"}],"replies":[{"embeddable":true,"href":"https:\/\/avrsi.fr\/avrsi\/wp-json\/wp\/v2\/comments?post=44"}],"wp:featuredmedia":[{"embeddable":true,"href":"https:\/\/avrsi.fr\/avrsi\/wp-json\/wp\/v2\/media\/217"}],"wp:attachment":[{"href":"https:\/\/avrsi.fr\/avrsi\/wp-json\/wp\/v2\/media?parent=44"}],"wp:term":[{"taxonomy":"product_brand","embeddable":true,"href":"https:\/\/avrsi.fr\/avrsi\/wp-json\/wp\/v2\/product_brand?post=44"},{"taxonomy":"product_cat","embeddable":true,"href":"https:\/\/avrsi.fr\/avrsi\/wp-json\/wp\/v2\/product_cat?post=44"},{"taxonomy":"product_tag","embeddable":true,"href":"https:\/\/avrsi.fr\/avrsi\/wp-json\/wp\/v2\/product_tag?post=44"}],"curies":[{"name":"wp","href":"https:\/\/api.w.org\/{rel}","templated":true}]}}